re the prime factors of 11281988?
2, 191, 14767
What are the prime factors of 9895975?
5, 31, 113
List the prime factors of 21029.
17, 1237
What are the prime factors of 144251?
67, 2153
What are the prime factors of 12079213?
2731, 4423
List the prime factors of 4415093.
131, 33703
List the prime factors of 1550177.
23, 67399
What are the prime factors of 88712?
2, 13, 853
What are the prime factors of 294685?
5, 58937
What are the prime factors of 5471657?
5471657
List the prime factors of 221085.
3, 5, 17
List the prime factors of 5121912.
2, 3, 101, 2113
List the prime factors of 6428212.
2, 7, 32797
What are the prime factors of 14352843?
3, 4784281
What are the prime factors of 13864108?
2, 1259, 2753
List the prime factors of 3454702.
2, 31, 55721
List the prime factors of 3330881.
41, 137, 593
List the prime factors of 99846.
2, 3, 43
List the prime factors of 636799.
71, 8969
List the prime factors of 474963.
3, 17, 67, 139
List the prime factors of 95167.
59, 1613
What are the prime factors of 3173846?
2, 13, 59, 2069
What are the prime factors of 6067294?
2, 3033647
What are the prime factors of 14875549?
13, 23, 43, 89
What are the prime factors of 548221?
548221
List the prime factors of 686961.
3, 11, 257
What are the prime factors of 723553?
723553
List the prime factors of 720899.
720899
What are the prime factors of 5275642?
2, 31, 85091
What are the prime factors of 87076?
2, 11, 1979
List the prime factors of 1572787.
163, 9649
List the prime factors of 32734060.
2, 5, 23, 71161
List the prime factors of 6133697.
2017, 3041
List the prime factors of 742397.
59, 12583
What are the prime factors of 17308683?
3, 7, 41, 6701
What are the prime factors of 132574?
2, 13, 5099
List the prime factors of 3187605.
3, 5, 212507
List the prime factors of 26830268.
2, 113, 59359
List the prime factors of 1115654.
2, 503, 1109
What are the prime factors of 870132?
2, 3, 59, 1229
List the prime factors of 112968.
2, 3, 523
What are the prime factors of 2168110?
2, 5, 7, 47, 659
List the prime factors of 3342000.
2, 3, 5, 557
List the prime factors of 980860.
2, 5, 49043
List the prime factors of 320684.
2, 7, 13, 881
What are the prime factors of 4677700?
2, 5, 29, 1613
What are the prime factors of 36999928?
2, 7, 797, 829
What are the prime factors of 203938?
2, 7, 2081
What are the prime factors of 990947?
17, 71, 821
List the prime factors of 142771.
142771
What are the prime factors of 260898?
2, 3, 11, 59, 67
What are the prime factors of 3231396?
2, 3, 7, 12823
List the prime factors of 1088518.
2, 544259
What are the prime factors of 1827798?
2, 3, 7, 6217
List the prime factors of 5332341.
3, 7, 31, 8191
What are the prime factors of 31586573?
193, 163661
List the prime factors of 15922315.
5, 577, 5519
What are the prime factors of 12646559?
12646559
List the prime factors of 1047080.
2, 5, 26177
List the prime factors of 1368723.
3, 456241
What are the prime factors of 8826227?
23, 31, 12379
What are the prime factors of 144910?
2, 5, 43, 337
What are the prime factors of 4897863?
3, 373, 1459
List the prime factors of 120803.
107, 1129
List the prime factors of 522138.
2, 3, 17, 5119
List the prime factors of 218587.
241, 907
List the prime factors of 636477.
3, 53, 4003
What are the prime factors of 401164?
2, 100291
List the prime factors of 11524.
2, 43, 67
List the prime factors of 1385436.
2, 3, 13, 83, 107
List the prime factors of 9854044.
2, 2463511
What are the prime factors of 9790204?
2, 2447551
List the prime factors of 609270.
2, 3, 5, 23, 883
What are the prime factors of 579538?
2, 19, 101, 151
What are the prime factors of 1519010?
2, 5, 151901
List the prime factors of 1078827.
3, 43, 8363
List the prime factors of 25954695.
3, 5, 13, 23, 643
List the prime factors of 646920.
2, 3, 5, 599
List the prime factors of 13014587.
97, 134171
What are the prime factors of 1413953?
29, 48757
What are the prime factors of 11562833?
37, 312509
List the prime factors of 1274968.
2, 31, 53, 97
List the prime factors of 1256140.
2, 5, 181, 347
What are the prime factors of 4641341?
71, 65371
List the prime factors of 202542.
2, 3, 33757
What are the prime factors of 266822?
2, 89, 1499
List the prime factors of 34297.
34297
What are the prime factors of 38128?
2, 2383
List the prime factors of 32192.
2, 503
List the prime factors of 320537.
7, 29, 1579
What are the prime factors of 295489?
47, 6287
List the prime factors of 227413.
71, 3203
List the prime factors of 417682.
2, 97, 2153
List the prime factors of 2721484.
2, 19, 35809
List the prime factors of 10565482.
2, 19, 31, 8969
List the prime factors of 105362.
2, 139, 379
What are the prime factors of 597062?
2, 487, 613
List the prime factors of 265906.
2, 132953
What are the prime factors of 7663170?
2, 3, 5, 157, 1627
List the prime factors of 1213503.
3, 23, 43, 409
List the prime factors of 16954050.
2, 3, 5, 113027
List the prime factors of 19974094.
2, 7, 131, 10891
List the prime factors of 1014836.
2, 37, 6857
What are the prime factors of 478613?
307, 1559
List the prime factors of 2673656.
2, 149, 2243
What are the prime factors of 1494680?
2, 5, 11, 43, 79
List the prime factors of 1529751.
3, 41, 12437
List the prime factors of 141717.
3, 97, 487
List the prime factors of 21672102.
2, 3, 229, 15773
List the prime factors of 259691.
259691
What are the prime factors of 547780?
2, 5, 61, 449
List the prime factors of 19594308.
2, 3, 83, 103, 191
What are the prime factors of 10905058?
2, 17, 43, 7459
What are the prime factors of 14710005?
3, 5, 12107
List the prime factors of 216268.
2, 13, 4159
List the prime factors of 1578844.
2, 73, 5407
What are the prime factors of 2420371?
2420371
What are the prime factors of 1600930?
2, 5, 160093
List the prime factors of 4522538.
2, 2261269
List the prime factors of 8347479.
3, 7, 19, 20921
List the prime factors of 3339291.
3, 491, 2267
List the prime factors of 223145.
5, 13, 3433
What are the prime factors of 249048?
2, 3, 1153
List the prime factors of 5439.
3, 7, 37
List the prime factors of 388325.
5, 7, 317
List the prime factors of 251799.
3, 83933
What are the prime factors of 54834?
2, 3, 13, 19, 37
List the prime factors of 87823.
31, 2833
List the prime factors of 5366866.
2, 17, 23, 6863
List the prime factors of 18002282.
2, 131, 68711
What are the prime factors of 1997392?
2, 31, 4027
What are the prime factors of 151254?
2, 3, 2801
What are the prime factors of 578176?
2, 4517
What are the prime factors of 2980469?
2980469
What are the prime factors of 1083016?
2, 11, 31, 397
What are the prime factors of 3301738?
2, 11, 223, 673
List the prime factors of 21798672.
2, 3, 7, 64877
What are the prime factors of 372446?
2, 73, 2551
List the prime factors of 274705.
5, 54941
What are the prime factors of 635843?
13, 59, 829
List the prime factors of 1583683.
197, 8039
List the prime factors of 80366.
2, 11, 13, 281
List the prime factors of 2561868.
2, 3, 7907
List the prime factors of 364635.
3, 5, 37, 73
List the prime factors of 11527616.
2, 29, 6211
What are the prime factors of 1123619?
7, 23, 997
What are the prime factors of 328550?
2, 5, 6571
List the prime factors of 503853.
3, 7, 23993
What are the prime factors of 812783?
29, 28027
What are the prime factors of 278590?
2, 5, 13, 2143
List the prime factors of 3582921.
3, 29, 41183
What are the prime factors of 20345746?
2, 53, 367, 523
List the prime factors of 67150.
2, 5, 17, 79
List the prime factors of 2273747.
7, 947
What are the prime factors of 116102?
2, 7, 8293
List the prime factors of 1133931.
3, 547, 691
List the prime factors of 15109764.
2, 3, 37, 34031
List the prime factors of 62819.
62819
What are the prime factors of 8001286?
2, 23, 31, 181
What are the prime factors of 4591472?
2, 31, 9257
List the prime factors of 16100794.
2, 8050397
List the prime factors of 607016.
2, 23, 3299
List the prime factors of 795437.
307, 2591
List the prime factors of 63850.
2, 5, 1277
What are the prime factors of 8407575?
3, 5, 11, 43, 79
What are the prime factors of 594279?
3, 7, 9433
List the prime factors of 1239884.
2, 23, 13477
List the prime factors of 5289937.
193, 27409
What are the prime factors of 107982?
2, 3, 7, 857
List